-12*r - 2. Let j be ((-19)/(-4) - 2) + (-4)/(-16). Let s be j + (-1 - (4 - 3)) - 3. Let a be g(s). Calculate the greatest common divisor of 55 and a.
11
Suppose 4*t - 5002 = -4638. What is the greatest common divisor of 49 and t?
7
Let n(j) = j**2 + 15*j - 1498. Let c be n(32). What is the greatest common factor of 8832 and c?
6
Suppose 2*h + 3*h - 325 = 0. Let k be 52/(-5 + 189/39). Let p = k + 364. What is the greatest common divisor of h and p?
13
Let f = 5 - 1. Let g be 4 - 1*(-3 + f). Suppose g*w - 6*w + 48 = 3*i, 5*i - 32 = -w. Calculate the highest common divisor of w and 42.
6
Suppose 4*b - 3*y + 13 = 4, -5*b = -3*y + 9. Suppose -2*m + 18 = 2*i, -2*i + b = -m + 9. Let a = -49 - -76. Calculate the greatest common factor of m and a.
9
Suppose 32*z + 3502 = -2*z. Let x = z + 238. What is the highest common divisor of 180 and x?
45
Let t = 49928 + -49908. Let a be 4/(-6) - 804/(-18). Calculate the greatest common divisor of t and a.
4
Let m = -1114 + 1161. Let f(h) = -h**2 - 15*h + 3. Let p be f(-11). Calculate the greatest common factor of m and p.
47
Suppose -5*k - b = -2727, -3258 = -4*k - 5*b - 1047. Calculate the greatest common divisor of 1836 and k.
68
Let q = -88 - 72. Let c = q - -169. What is the greatest common factor of 117 and c?
9
Let h = -6 + 18. Suppose 4*g - 3*b - 11 = 5*g, 15 = -3*b. Suppose 8 = p - 2*c, -g*p + c + 32 = 5*c. What is the highest common factor of h and p?
4
Let t = -11824 - -11888. Calculate the greatest common factor of 17504 and t.
32
Suppose 0 = -71*a + 254 + 1166. What is the greatest common factor of 1130 and a?
10
Let s be -14 + (-17 - (-20 + -10454)). Calculate the highest common factor of 3 and s.
3
Suppose -47*j + 294 = -46*j. Let o = j + -202. What is the highest common factor of o and 506?
46
Let s(o) = -672*o - 12390. Let g be s(-19). What is the highest common divisor of 70 and g?
14
Let j(l) = -27 - 53 - 10*l + 27*l - 26. Let u be j(7). Calculate the highest common divisor of 533 and u.
13
Suppose -2*y - 28474 = -5*c, -3*c - 4*y + 2*y = -17094. What is the highest common divisor of 89 and c?
89
Let o(s) = -10*s + 73. Let q be o(7). Suppose 2*h + 5*k - 80 = 3*k, h + q*k = 46. Calculate the greatest common divisor of h and 481.
37
Let l(w) = w**3 + 14*w**2 - 15*w + 5. Let k be l(-15). Suppose 22 = g + 3*p, -5*g = k*p - 155 + 25. What is the highest common divisor of g and 28?
28
Let y be 27 - 43/((-774)/(-270)). Calculate the highest common factor of 10284 and y.
12
Let x be (-4040)/(-280) - (-3)/(-7). Suppose -9*y + x*y - 140 = 0. What is the highest common factor of 42 and y?
14
Suppose 61 = -6*q - 2*q + 413. Calculate the greatest common factor of 364 and q.
4
Let l(z) = 2147*z - 6428. Let g be l(3). Let r = 178 - -238. Calculate the greatest common factor of g and r.
13
Suppose -2*k + 200 = f, -k + 114 = 53*f - 49*f. What is the highest common factor of 329 and k?
7
Let p be (1*5202 - -6) + 1*(12 + -7). Calculate the highest common divisor of p and 13.
13
Suppose 15*d - 20*d = -50. Let b(k) = -6*k**2 + 2*k**2 + 5*k**2 - k + 10. Let l be b(5). What is the greatest common factor of d and l?
10
Suppose -5*v + 2*m + 1180 = 4*m, v = -5*m + 213. What is the greatest common factor of v and 27608?
238
Suppose -16*g = 14*g - 10800. Let j(l) = -l**3 - 4*l**2 + 5*l + 3. Let f be j(-6). Calculate the greatest common factor of g and f.
45
Suppose 0 = 267*p - 246200 - 3355897. What is the highest common divisor of 9 and p?
9
Let y(o) be the third derivative of 11*o**5/60 - 13*o**4/12 - o**3/2 + 32*o**2 + 2*o. Let l be y(-6). What is the greatest common divisor of l and 61?
61
Suppose 0 = -b - 4*j + 82, -5*j + 204 = 4*b - 179. Suppose -3*s + 1075 = -7*u + 5*u, -1067 = -3*s - 2*u. Calculate the highest common divisor of s and b.
51
Suppose 74 = -61*d + 6113. What is the greatest common divisor of 979 and d?
11
Let q = -186 - -112. Let r = 99 + q. Let h = 7 - 2. What is the highest common factor of h and r?
5
Let c(w) = -w - 5. Let h be c(-11). Let l be (-153 + 6)/(h/(-52)). Suppose 474 - l = -4*a. What is the highest common divisor of 25 and a?
25
Let m be ((-168)/294)/((-142)/35 + 4). What is the highest common factor of 5 and m?
5
Let c be 4 + (-1 - 3) + 81. Let f = 177 + -123. Calculate the highest common divisor of c and f.
27
Suppose 2467 - 4428 = -9*t + 3340. What is the highest common factor of t and 437?
19
Let c be 35/(-2)*(-5 + -5). Let h be (-3)/(-4)*(-7 + c) - 1. Calculate the greatest common factor of 100 and h.
25
Let a be 16*(-5)/((-320)/424) - 10. Calculate the greatest common factor of 10576 and a.
16
Let j be (-13)/(-1) - 2*1. Let s be 25750/22 + (-66)/(-121). Let k = s - 1072. Calculate the highest common divisor of j and k.
11
Let q be (-7 + (-8)/1)*(-10)/6. Suppose -8*c - q = -905. Calculate the highest common factor of c and 30.
10
Suppose 4*w + 86 = 4*d - 218, w - 244 = -3*d. Let h be 7*(1080/35)/6. Suppose -h - 204 = -6*p. What is the highest common divisor of d and p?
40
Let a be 3 - -7 - (-1 + 4 + -2). Let q be 43/a + 10/45 - -85. What is the highest common divisor of q and 54?
18
Suppose v - 138 = -128. Suppose j + 692 = 4*r - 2*j, -2*r + 352 = -3*j. Calculate the highest common factor of r and v.
10
Suppose -7*w + 45 = -130 - 609. Let k be (1 + -10)/((-3)/14). Calculate the highest common factor of w and k.
14
Let v = -83 + 235. Let h = v + -130. What is the greatest common divisor of 242 and h?
22
Let s(p) = 15*p**2 + 33*p - 234. Let r be s(-10). What is the greatest common divisor of 390 and r?
78
Suppose -686 = -15*z + 64. Suppose -a = -90 + z. Calculate the greatest common divisor of 15 and a.
5
Suppose -156*z + 273828 = -1742004. What is the highest common divisor of z and 364?
182
Suppose 24*g - 17846 = 3466. Calculate the greatest common divisor of 24 and g.
24
Let v(h) = -10*h**3 - 2*h**2 - 5*h - 1. Let d be v(-2). Let o(n) = 14*n**2 + 112*n + 36. Let k be o(-9). What is the highest common factor of k and d?
81
Let h = 708 + -618. Calculate the highest common divisor of 4950 and h.
90
Suppose -8 = -f + 10. Suppose 43*m = 49*m - 324. Suppose -m*a + 56*a = 48. Calculate the highest common divisor of a and f.
6
Suppose -2*r = 3*s - 700, s - 2*r = 279 - 59. Let y = -210 + s. What is the greatest common factor of 8 and y?
4
Let l = -360 + 365. Suppose -5*p + n + 3*n = -388, l*p = -3*n + 409. What is the highest common factor of 720 and p?
80
Let n(v) = 3*v**3 - 6*v**2 - 24*v + 164. Let j be n(7). Calculate the greatest common divisor of j and 68.
17
Suppose 0 = -3*d - 0*d + 9. Suppose 21 = d*g - 45. Suppose -i = -g + 2. Calculate the greatest common divisor of i and 5.
5
Let q be (-31 + 37)/((-2)/(-67)). Let t = 225 - q. What is the highest common factor of 60 and t?
12
Let y be 370/(-15)*(-117)/26. What is the greatest common divisor of y and 2?
1
Suppose 5 = -n, -35*b = -32*b + 3*n - 3909. What is the highest common divisor of 42 and b?
6
Let k(d) = -4*d**2 - 27*d - 3. Let f be k(-3). Let n = f + 113. What is the greatest common factor of n and 5?
5
Suppose -5*f - 290 - 70 = -t, 4*t = 4*f + 288. Let c = 77 + f. Suppose -c = 5*a, 3*x + a + 246 - 1181 = 0. What is the highest common divisor of 39 and x?
39
Suppose -4*n + 0 + 12 = 0, 88 = 5*p - 4*n. Let f = 75 - p. Suppose 52*w + 28*w - 200 = 40*w. Calculate the highest common factor of f and w.
5
Let b = -20143 - -20373. What is the greatest common factor of b and 2277?
23
Suppose 0 = -5*k - 2*p - 13, 2*k - p + 1 = 3. Let m be (-10 - -13) + ((-2)/2)/k. Let w be -1*(m - 5) - -11. Calculate the highest common factor of 16 and w.
4
Let n(r) = -2*r**2 - 37 + 64 + r**2 - 12*r + 38*r. Let t be n(22). Calculate the highest common divisor of t and 46.
23
Let t = 17370 - 17025. What is the highest common factor of 240 and t?
15
Let j(s) = -5*s**3 - 2*s**2 - 77*s - 428. Let h be j(-5). What is the highest common factor of 1428 and h?
28
Let k = 2591 + -2547. Let t be (-5802)/(-12) + (-1)/(-2). What is the highest common divisor of k and t?
44
Let y be 72/(8/3 - 2). Suppose -2*j + 32*k - 30*k = 6, 6 = j + 2*k. Suppose r - 4 = 3*u - 38, -4*u + r + 46 = j. What is the highest common factor of u and y?
12
Suppose -5*t - 15 = -4*t - 4*k, -2*t - 2*k = 0. Let n be (2*-5)/(t/57). Calculate the highest common factor of 20 and n.
10
Let f(z)